*p + 244. What is the units digit of v?
1
Suppose -u - 5*t - 10 = 0, 4*u - 3*u + 2*t + 1 = 0. Suppose 0 = -u*x + 5*b + 1980, -5*x - 3*b + 1976 = -6*b. What is the units digit of x?
4
Let p be ((-5)/(-4))/(-1 + (-45)/(-44)). Suppose -p = -5*o + 20. Suppose 11*y - o*y = -504. What is the tens digit of y?
2
Suppose 48*y - 59441 = 159679. What is the tens digit of y?
6
Let u = 159 - 111. Let o be (u/18 + -2)/(2/93). Suppose k - o = 23. What is the units digit of k?
4
Let j be ((-24)/9)/((-2)/(-3)) + 691. Let f = j - 271. What is the tens digit of f?
1
Let x(l) = 238*l**2 - 46*l - 47. What is the units digit of x(6)?
5
Let x = 20558 - 38595. Let o be x/68 - ((-9)/4 - -2). Let k = o + 405. What is the tens digit of k?
4
Let r(u) = 9*u**2 + 188. What is the ten thousands digit of r(-42)?
1
Suppose 0 = -2*r + 28 + 30. Let n = -30 + r. What is the tens digit of 2 + 59 + (-1 - n)?
6
Suppose 379*k = 2*a + 374*k - 63286, -4*a + 5*k = -126592. What is the tens digit of a?
5
What is the hundreds digit of 7*1736 + 25 + 4 + -35?
1
Let u(z) = 140*z**3 + z**2 - z + 6. Let r be u(2). Suppose -10*x + r = -4*x. What is the units digit of x?
8
Suppose -280*g + 142*g + 439560 = -126*g. What is the hundreds digit of g?
6
Let r(g) = -6*g**2 - 67*g + 43. Let z(c) = 9*c**2 + 100*c - 65. Let v(w) = -8*r(w) - 5*z(w). What is the hundreds digit of v(-21)?
5
Let g(x) = -4*x + 3. Let o be g(5). Let t(b) = 4*b - 4 + 74*b**3 - 16*b**2 - 149*b**3 + 74*b**3 - 2. What is the tens digit of t(o)?
1
Let t(x) = -x + 6. Let a be t(9). Let i be (1 + -1)/2 - a. Suppose -i*q + 15 = -2*q. What is the units digit of q?
5
Let r(o) = -44 + 125 - 40 + 17*o + 54 + 116. What is the units digit of r(33)?
2
Suppose -5*d + 39082 + 18358 = j, -5*d - 5*j + 57420 = 0. What is the thousands digit of d?
1
Suppose -6484 + 1696 = -t - 5*h, 0 = -t + 2*h + 4774. What is the tens digit of t?
7
Let p(l) = l**3 - 106*l**2 + 224*l - 269. What is the ten thousands digit of p(105)?
1
Suppose -6*n + 73249 + 11527 = -63922. What is the ten thousands digit of n?
2
What is the tens digit of -10 - -2*6235/10?
3
Suppose -8026 = -4*m + 5262. What is the thousands digit of m?
3
Suppose 3*o + 169 - 805 = 0. Let t be o/(-12) + (-15)/(-9). What is the units digit of (-2 - t)*4/8?
7
Suppose 4*m = 633 + 159. Let c(p) = 5*p**3 - 2*p**2 - 8*p - 7. Let w be c(-3). Let n = m + w. What is the tens digit of n?
6
Let k be (-3 - 1) + (-733 - -25). Let h = -338 - k. What is the hundreds digit of h?
3
Suppose -192396 = -14*x + 5774. What is the ten thousands digit of x?
1
Let h(m) = -82*m - 13 - 87*m - 10 - 132*m. What is the units digit of h(-1)?
8
Let d be 3686/(-3) - (-58)/87. Let x = d + 1769. What is the hundreds digit of x?
5
Suppose 0 = -w - 67 + 82. What is the hundreds digit of 1006/((-6)/w*-10)*6?
5
Let s(d) = 2*d**2 + 32*d + 1. Let z be s(-16). Let v be (4 + 17 - -4)/z. Suppose -4*f + 18 = 5*u - v, -2*f + 29 = u. What is the tens digit of f?
1
What is the tens digit of (42240/1600)/((-2891)/13050 - 8/(-36))?
8
Let b(z) = -3*z + 8. Let h(t) = -t**3 - 15*t**2 - 13*t + 12. Let c be h(-14). Let u be b(c). What is the tens digit of ((-418)/(-56) + 4/u)*4?
3
Let k = 16962 - -29470. What is the ten thousands digit of k?
4
Let p(o) = 34*o - 84. Let h be p(8). What is the units digit of h*(6/60 + 6/15)?
4
Suppose -2*b = 4*j - 11364, -4*j + 9*j = 25. Suppose 5*p = -3*z + b, -5*z = 3*p + 285 - 3701. What is the thousands digit of p?
1
Let o(z) = z**3 - 3*z - 305. Let u be o(0). Let l = -187 - u. Suppose 6*r - l = 140. What is the units digit of r?
3
Suppose -15 = 7*r - 10*r. Suppose 2 = 3*j - r*m + 3, 3*j + 4*m = -37. Let o(n) = n**3 + 10*n**2 - 16*n - 12. What is the units digit of o(j)?
7
Suppose 2 = 97*d - 96*d. Let z(i) = 5*i**2 - 10*i + 6. What is the units digit of z(d)?
6
Let d(r) = 264*r - 8. Let t be d(1). Suppose -4*y = -4*s - t, -5*s + 66 = -3*y + 258. Suppose -y*n + 858 = -58*n. What is the hundreds digit of n?
1
Suppose 46*y - 1019565 = 306799. What is the tens digit of y?
3
Let w be 1*(-6)/(-51) - 1983/(-51). Suppose -3*r + 15 - w = 0. What is the units digit of -1*(r + 0/(-5))?
8
What is the hundreds digit of 846/(-3948) - (-3315447)/42?
9
What is the hundreds digit of (-12614)/(-4) - (16 + (-31)/2)?
1
Let s be 8/12 + (2666/(-6))/(-1). Suppose 7*a - s = 2*a. What is the tens digit of a?
8
Suppose -9*u - 55 = 2*u. What is the units digit of 488 - (-1 + u - -5)?
9
Suppose 6 + 0 = -3*r + 3*m, 4*m = 2*r + 12. Let a(o) = -14*o - 12*o + 47*o - 3. What is the units digit of a(r)?
9
Let i be -12*(-15)/6*(-1 - -2). Suppose -3*j + j - 6 = 0, -2*j = -4*p + i. Suppose -36 = -x + p. What is the units digit of x?
2
Suppose o = 8, -180*g + 179*g = -3*o - 29072. What is the hundreds digit of g?
0
Let i(s) = -13*s - 18*s - s**3 + 2 + 24*s**2 + 2 + 11. What is the hundreds digit of i(22)?
3
Suppose 10 = 2*d, 3*d = -l + 238 + 153. Suppose 2065 = 5*m - 3*y + l, 0 = -4*m - 5*y + 1329. What is the tens digit of m?
3
Let c = 326 - 168. Let z = 407 + c. What is the units digit of z?
5
Suppose 4*c - 179 = c - 2*m, -c = 4*m - 43. Suppose -c - 633 = -i. What is the tens digit of i?
9
What is the hundreds digit of (-28)/(((-2)/(-10))/(3052/(-56)))?
6
Let p(d) = d + 38. Let v be p(-34). Suppose s = 5*m - v*s - 7710, -5*m = 4*s - 7728. What is the units digit of m?
4
Let s(k) = -k**3 + 4*k**2 - 12*k + 4. Let m be s(5). Let w = -81 - m. Suppose w + 156 = x - 5*l, -x + l + 148 = 0. What is the tens digit of x?
4
Suppose 2*u - 7*u + 25 = 0. Suppose 1 + 32 = 11*m. Suppose -u*x + 47 + 13 = 5*v, x = -m*v + 12. What is the tens digit of x?
1
Let s(o) = 5 - 4*o + 2*o + 0. Let p be (100/(-15) + 4)*165/22. What is the units digit of s(p)?
5
Let w(p) = 3*p**3 - 15*p**2 + 10*p + 1. Let a = -182 + 188. What is the tens digit of w(a)?
6
Let m(r) = r**2 + 13*r + 29. Let x be m(-7). Let l = x - -10. What is the tens digit of -1 + (l - -2) + 28 + 1?
2
Suppose -124 = -3*a + m, a + 3*m = 3*a - 78. Suppose -10*i = -a - 58. Suppose -131 = -i*o + 1439. What is the units digit of o?
7
Let u = -80 - -73. What is the units digit of u/(-2)*38*24/8?
9
Let a be 1/1 - (-25)/(-25). Suppose -9*y + 2184 + 4251 = a. What is the tens digit of y?
1
Let n(z) = -499*z + 203. Let y be n(-5). Suppose 0 = 3*m + 4*d - y, -3*d = m - 369 - 537. What is the units digit of m?
4
Suppose 0 = 4*u + 11*u + 2337 - 72147. What is the units digit of u?
4
Let v = 64 + -61. Suppose -5*t = 4*z - 615, 3*z + 223 = 5*t - v*t. What is the tens digit of t?
1
Let h(a) = -14571*a + 1002. What is the thousands digit of h(-3)?
4
Let c(a) = -a**3 - 5*a**2 - 12. Let w be c(0). Let v = w + 16. Suppose 5*s - 3*p - 360 = -6*p, -v*p + 360 = 5*s. What is the units digit of s?
2
Let s = 5740 - 2225. Suppose -5*j = 5*a - s, 5*a - 4*j = -5*j + 3507. What is the units digit of a?
1
Suppose -13*o = 3955 + 4235. What is the units digit of (-1 + 52 + -2)*o/(-147)?
0
Suppose 8*n = 12*n - 1532. Let d = n + 686. What is the hundreds digit of d?
0
Let j(q) = -4*q**3 + 47*q**2 - 14*q + 22. Let y(z) = 9*z**3 - 95*z**2 + 28*z - 45. Let g(u) = -5*j(u) - 2*y(u). What is the hundreds digit of g(23)?
8
Let d = -68 - -101. Suppose -3*y - 8*y = d. What is the hundreds digit of ((-2)/y)/(6/1296)?
1
Suppose -2*q - 4*k + 32 = 0, q - 4*k = -11 - 3. Suppose -2384 = -q*o + 298. Suppose -2*h + o = 123. What is the tens digit of h?
6
Let a = 67068 - 45720. What is the hundreds digit of a?
3
Let f be (-126)/(-35)*40/6. Suppose -5*o + 30 + 6 = 2*r, 2*o = -4*r + f. Suppose 0 = -9*g + o*g + 132. What is the tens digit of g?
4
Let f(q) = 151*q**2 - 28*q - 349. What is the ten thousands digit of f(-9)?
1
Suppose 5*t - 4*t - 5 = 0. Let b be 3/t - (-110)/25. Suppose -b*s + 207 = -2*u, -6*s + s - 5*u + 200 = 0. What is the tens digit of s?
4
Let d = -182 + 208. Let y = 427 - d. What is the tens digit of y?
0
Let p = 148 - 146. Let t(k) = p*k - 14*k - 5*k - 15. What is the units digit of t(-3)?
6
Let n = -12847 + 40684. What is the thousands digit of n?
7
Suppose -417*n + 2364 = -419*n. Let y = -577 - n. What is the hundreds digit of y?
6
Let a be (-355)/(-3*3/(-9)). Suppose 2*l - 4*i + 256 = 0, -8*l + 5*i - 509 = -4*l. Let w = l - a. What is the tens digit of w?
2
Let d = -33441 + 56138. What is the thousands digit of d?
2
Suppose 0 = -2*z + 4*s + 18